191
What is the remainder when 5614 is divided by 308?
70
Calculate the remainder when 1431 is divided by 132.
111
What is the remainder when 5800 is divided by 650?
600
Calculate the remainder when 123179 is divided by 269.
246
What is the remainder when 117756 is divided by 251?
37
What is the remainder when 1818 is divided by 1814?
4
What is the remainder when 13121 is divided by 869?
86
What is the remainder when 20883 is divided by 59?
56
What is the remainder when 16701 is divided by 5567?
0
Calculate the remainder when 60167 is divided by 3538.
21
Calculate the remainder when 20301 is divided by 6.
3
Calculate the remainder when 250509 is divided by 99.
39
Calculate the remainder when 3686 is divided by 1841.
4
Calculate the remainder when 152199 is divided by 160.
39
Calculate the remainder when 89656 is divided by 26.
8
What is the remainder when 15691 is divided by 15069?
622
What is the remainder when 7202 is divided by 386?
254
Calculate the remainder when 2486 is divided by 1187.
112
What is the remainder when 53799 is divided by 37?
1
What is the remainder when 3047 is divided by 218?
213
What is the remainder when 186449 is divided by 226?
225
What is the remainder when 8187 is divided by 45?
42
What is the remainder when 13955 is divided by 202?
17
What is the remainder when 110247 is divided by 98?
95
What is the remainder when 943556 is divided by 15?
11
Calculate the remainder when 9895 is divided by 98.
95
What is the remainder when 849 is divided by 308?
233
Calculate the remainder when 39311 is divided by 9789.
155
Calculate the remainder when 105220 is divided by 1042.
1020
Calculate the remainder when 171085 is divided by 88.
13
Calculate the remainder when 10961 is divided by 343.
328
What is the remainder when 915708 is divided by 73?
69
Calculate the remainder when 6629 is divided by 6570.
59
Calculate the remainder when 53575 is divided by 570.
565
Calculate the remainder when 6693 is divided by 103.
101
What is the remainder when 282707 is divided by 13?
9
What is the remainder when 11112 is divided by 206?
194
What is the remainder when 3124 is divided by 28?
16
What is the remainder when 11792 is divided by 38?
12
What is the remainder when 4528 is divided by 103?
99
What is the remainder when 546 is divided by 176?
18
Calculate the remainder when 14138 is divided by 589.
2
Calculate the remainder when 13515 is divided by 523.
440
What is the remainder when 14130 is divided by 1634?
1058
Calculate the remainder when 7961 is divided by 121.
96
What is the remainder when 19853 is divided by 201?
155
What is the remainder when 1395464 is divided by 2124?
2120
What is the remainder when 5883 is divided by 327?
324
Calculate the remainder when 42324 is divided by 103.
94
What is the remainder when 231675 is divided by 422?
419
What is the remainder when 245681 is divided by 68?
65
What is the remainder when 102152 is divided by 38?
8
What is the remainder when 191428 is divided by 7?
6
What is the remainder when 50441 is divided by 58?
39
Calculate the remainder when 4507 is divided by 188.
183
Calculate the remainder when 31729 is divided by 18.
13
What is the remainder when 44166 is divided by 701?
3
What is the remainder when 10544 is divided by 553?
37
Calculate the remainder when 15001 is divided by 2500.
1
What is the remainder when 3413 is divided by 499?
419
What is the remainder when 10299 is divided by 1283?
35
Calculate the remainder when 36213 is divided by 72.
69
Calculate the remainder when 676740 is divided by 298.
280
What is the remainder when 16487 is divided by 226?
215
Calculate the remainder when 1751 is divided by 15.
11
Calculate the remainder when 8040 is divided by 407.
307
What is the remainder when 1306 is divided by 114?
52
Calculate the remainder when 6097 is divided by 17.
11
What is the remainder when 136819 is divided by 25?
19
Calculate the remainder when 508206 is divided by 83.
80
Calculate the remainder when 1974 is divided by 78.
24
Calculate the remainder when 27676 is divided by 289.
221
Calculate the remainder when 247 is divided by 63.
58
Calculate the remainder when 4200 is divided by 296.
56
What is the remainder when 11502 is divided by 2860?
62
What is the remainder when 8123 is divided by 115?
73
Calculate the remainder when 1519 is divided by 1069.
450
What is the remainder when 588668 is divided by 501?
494
Calculate the remainder when 737621 is divided by 79.
77
What is the remainder when 8143 is divided by 2702?
37
What is the remainder when 4140 is divided by 1380?
0
Calculate the remainder when 22958 is divided by 364.
26
Calculate the remainder when 8862 is divided by 1460.
102
Calculate the remainder when 8336 is divided by 4161.
14
Calculate the remainder when 1712 is divided by 461.
329
Calculate the remainder when 52239 is divided by 7455.
54
What is the remainder when 3670 is divided by 1797?
76
What is the remainder when 2690 is divided by 73?
62
Calculate the remainder when 2900 is divided by 144.
20
What is the remainder when 10550 is divided by 2010?
500
Calculate the remainder when 11238 is divided by 1017.
51
What is the remainder when 27823 is divided by 716?
615
What is the remainder when 1469156 is divided by 673?
670
Calculate the remainder when 303658 is divided by 356.
346
What is the remainder when 2315158 is divided by 60?
58
What is the remainder when 744 is divided by 231?
51
Calculate the remainder when 9537 is divided by 1647.
1302
Calculate the remainder when 847897 is divided by 610.
607
What is the remainder when 147679 is divided by 142?
141
What is the remainder when 2542 is divided by 419?
28
What is the remainder when 1764 is divided by 466?
366
Calculate the remainder when 837304 is divided by 1629.
1627
Calculate the remainder when 33512 is divided by 76.
72
What is the remainder when 361835 is divided by 6?
5
Calculate the remainder when 102755 is divided by 2565.
155
What is the remainder when 348741 is divided by 127?
126
What is the remainder when 9745 is divided by 3139?
328
What is the remainder when 541212 is divided by 57?
54
What is the remainder when 15091 is divided by 55?
21
What is the remainder when 756281 is divided by 29?
19
Calculate the remainder when 694 is divided by 394.
300
Calculate the remainder when 7854 is divided by 357.
0
Calculate the remainder when 1305 is divided by 433.
6
What is the remainder when 751528 is divided by 1833?
1831
What is the remainder when 28936 is divided by 500?
436
Calculate the remainder when 1718226 is divided by 572734.
24
Calculate the remainder when 2310 is divided by 472.
422
What is the remainder when 41638 is divided by 92?
54
Calculate the remainder when 129427 is divided by 28.
11
What is the remainder when 178656 is divided by 117?
114
Calculate the remainder when 1265725 is divided by 632857.
11
What is the remainder when 13029 is divided by 466?
447
Calculate the remainder when 1608396 is divided by 167.
19
What is the remainder when 3787 is divided by 113?
58
What is the remainder when 1405 is divided by 771?
634
Calculate the remainder when 18455 is divided by 129.
8
What is the remainder when 26039 is divided by 26016?
23
Calculate the remainder when 6591 is divided by 23.
13
Calculate the remainder when 8654 is divided by 1042.
318
Calculate the remainder when 75255 is divided by 2595.
0
Calculate the remainder when 101501 is divided by 38.
3
What is the remainder when 2433 is divided by 814?
805
What is the remainder when 127327 is divided by 74?
47
What is the remainder when 4564 is divided by 108?
28
What is the remainder when 6316 is divided by 1057?
1031
What is the remainder when 251173 is divided by 27907?
10
What is the remainder when 668639 is divided by 321?
317
Calculate the remainder when 5002 is divided by 24.
10
What is the remainder when 61479 is divided by 76?
71
What is the remainder when 3239 is divided by 1588?
63
Calculate the remainder when 8506 is divided by 192.
58
What is the remainder when 534 is divided by 512?
22
Calculate the remainder when 9073 is divided by 1440.
433
Calculate the remainder when 10111 is divided by 122.
107
Calculate the remainder when 4251 is divided by 683.
153
Calculate the remainder when 1379166 is divided by 47